-d + h = -38. Is d composite?
False
Suppose -10 = -3*s - 4*y + 4, -5*s + 4 = -3*y. Suppose 0 = -s*f - 282 + 1564. Is f prime?
True
Let i = 350 - -135. Is i a prime number?
False
Suppose 8637 = 5*q + 3*m, -q + 5*q + 2*m - 6910 = 0. Let i = q - 961. Is i a composite number?
True
Let w(x) = 2*x**3 - 13*x**2 + 5*x + 15. Let z be w(-17). Is (-2 + 4)/(3/z*-6) composite?
True
Let h(c) = -11940*c - 503. Is h(-5) prime?
True
Suppose 0*n + n - 2*i = 2, 3*i + 1 = n. Is ((-3453)/(-6))/(2/n) prime?
True
Let w be ((-104)/(-13))/((-2)/(-11)). Let d = 79 - w. Is 10/d - 6105/(-21) prime?
False
Let o be (28/21)/(4/3150). Let y = o - 71. Is y composite?
True
Is ((-2)/4 + -1)*25262/(-51) a composite number?
False
Let r(w) = -139*w + 155. Is r(-14) a prime number?
False
Suppose -2*i + 3*w + 9 = 0, -i + 5*w + 6 = -2. Suppose -3*p = -2*l - 0*p + 189, -p = -i. Suppose z = l + 16. Is z a composite number?
True
Let m be (-3)/(-2) - 5/(-10). Suppose 3*p = 7*p, 4*x + m*p - 284 = 0. Is x prime?
True
Suppose 5*p - 34 + 9 = 0. Suppose 3*z + 2*l - 162 = 0, -5*z + z - p*l = -223. Suppose 0 = -3*k + z + 521. Is k prime?
True
Let l be -1*(-2 - -3) + -24. Let a be (-27197)/5 - (-15)/l. Is a/(-6) + (-2)/(-6) prime?
True
Let b(j) be the third derivative of -103*j**4/12 + 7*j**3/6 + 17*j**2 - j. Is b(-6) a composite number?
True
Suppose 2*g - 5*t = -g + 14063, 0 = -2*g - 2*t + 9402. Suppose -9*p + g = -p. Is p composite?
False
Let t = 10 + -10. Is (-22)/3*(t - 222/4) prime?
False
Suppose 3*i + 0*i - 2*j - 20 = 0, 0 = i - 2*j - 12. Is -3 + (i - 2) - -114 prime?
True
Suppose 0 = -5*c + 4*d + 2233, -82 = -c - 2*d + 359. Let u = 702 - c. Is u prime?
True
Suppose 50 - 26 = 2*q. Suppose 10*u = q*u - 22. Is u a composite number?
False
Let o(f) = 34*f**2 + 16*f - 9. Is o(7) a prime number?
False
Suppose -x - 2*o - 1695 = -2*x, 9 = 3*o. Let y = -560 + x. Is y a composite number?
True
Suppose -21 = 4*p - 7*p. Is 195 - (p - 4) - 1 a composite number?
False
Let q = -931 + 130. Let a = 6382 + q. Is a composite?
False
Is 5/(35/(-24238))*(4 - 11) a composite number?
True
Let y = 21869 + -11182. Is y a prime number?
True
Suppose 12 = 6*c - 4*c. Suppose -6*w + c = -4*w. Suppose -x = -5*k + 1280, -w*k + 0*x + 786 = 3*x. Is k composite?
False
Let n(x) = 2*x**2 + 4*x - 1. Let f be n(-4). Suppose 2*d = -d + f. Let u(i) = 26*i**2 - 4*i + 1. Is u(d) composite?
False
Is 1 + -9 + 12 - -31623 composite?
False
Suppose 4 + 44 = 4*b. Suppose -b*r + 3*r = -6471. Is r prime?
True
Suppose -8*g + 200 = -3*g. Suppose -2*r = -g - 58. Is r prime?
False
Let m(b) = -b**3 + b**2 + b - 3. Let i be m(0). Is (3 - 8)/(i/177) prime?
False
Suppose 2 = 3*i + 4*p, 5*p = -5*i - 2 + 7. Suppose i*t - 4 = 4. Suppose -72 = -t*l - 4*v, 0 = 5*v + 1 + 4. Is l a composite number?
False
Let i(u) = -725*u**3 + 2*u**2 - 2. Let k be i(1). Let o = -408 - k. Is o composite?
False
Let h be (-1)/(-2)*(7 - -3)*11. Suppose 35*n = 30*n + h. Is n prime?
True
Let z(l) = -1637*l + 5. Let u(w) = -5*w - 41. Let s be u(-8). Is z(s) a composite number?
True
Let p be (18/4)/((-5)/(-30)). Let x = 74 + p. Suppose c = x - 16. Is c prime?
False
Let v(x) = -185*x - 593. Is v(-48) composite?
False
Let p(q) = -65*q**2 - 3*q + 1. Let s(w) = -w**2 - 7*w + 15. Let l be s(-9). Let h be p(l). Let f = 1360 + h. Is f prime?
False
Suppose 13 = -3*h + 1. Is 0 + (177 + h - 4) a composite number?
True
Let o(m) = 6*m**2 - 5*m - 2. Let z be o(-1). Let f be 2/(-3) + 32/3. Let k = z + f. Is k prime?
True
Is 6247*(-3)/9*(-16 + 13) a composite number?
False
Let g(o) = -15*o**2 + o. Let d be g(1). Is 6/d - (-1 + 5332/(-28)) a prime number?
True
Let y be ((-1)/(-1))/((-4)/52). Is -167*(1 + 0)*y a composite number?
True
Suppose h - v - 18174 + 3212 = 0, 4*v + 12 = 0. Is h a composite number?
True
Let h(q) be the first derivative of 3*q**3 + 202*q**2 - 2*q**3 + 4 - 196*q**2 + 2*q. Is h(11) a prime number?
False
Suppose -572*b + 580*b - 150344 = 0. Is b a composite number?
False
Let r be 8 - 1*12/3. Suppose 0 = -r*x - 22 - 10. Is (430/x)/(12/(-48)) composite?
True
Let f be 5/((-65)/2) + (-45000)/39. Let d = 1743 + f. Is d a composite number?
True
Let a = 26820 + -14519. Is a composite?
False
Let j(z) = -z**3 - 9*z**2 - 8*z + 9. Let t be j(-11). Let p be 6/5*(-10)/(-3). Suppose -i - t = -p*i. Is i composite?
False
Suppose -2*v + 10 = -5*f, v + 5*f + 20 = 5*v. Let q(z) = 0 - v + 6 + 1 - 79*z. Is q(-5) a prime number?
True
Suppose -3*i + 26131 = x, 4*i + 4*x - 34840 = 2*x. Is i a composite number?
True
Suppose -3 = 4*y - 5*y. Suppose 5*a = -5*h + 4340, y*h - 5*h - 2589 = -3*a. Is a composite?
True
Suppose x = -39 + 66. Let k = 661 - x. Is k a prime number?
False
Let g = -72 + 841. Is g composite?
False
Let m = -94 + 84. Is (63 - (4 + -2))*(1 - m) a prime number?
False
Suppose -49*z = -5*z - 77308. Is z composite?
True
Let v(f) = 247*f + 15. Let y be (4 - 3)*(4 - -2). Let l be v(y). Suppose 0*t + 363 = t - 2*a, a - l = -4*t. Is t composite?
False
Let w = -5043 - -10132. Is w a composite number?
True
Suppose 0 = h - 3*g - 0*g + 5, -4*g - 44 = 5*h. Is ((-6)/9)/(h/6204 - 0) a prime number?
False
Is (33 - 21 - -34)*(-547)/(-2) a prime number?
False
Let t(m) = 19*m - 1. Let p(a) be the first derivative of 19*a**2 - 2*a - 4. Let q(g) = -2*p(g) + 5*t(g). Is q(2) composite?
False
Let w = 56 + 97. Let i = 118 + w. Is i prime?
True
Let c = -4 - -6. Suppose -c*r = a - 10, -3*a + 0*r - 6 = -3*r. Suppose a*i = 372 + 70. Is i a prime number?
False
Is (-4)/10 - -3222*201/30 a prime number?
True
Let c be (-4)/(-8)*8 - 5. Let r(q) = -492*q**3 + q**2 + 2*q. Is r(c) a prime number?
True
Let k be 0 + (3 - 0/(-2)). Suppose -k*o + 4*m + 10 = -0*m, o - m - 3 = 0. Suppose -y = b + 2*y - 92, 5*y - 183 = -o*b. Is b composite?
False
Suppose -4*w = 2*h - 26, 5*w = -2*h + 19 + 11. Suppose 5*y - 2*y = w*p - 11, -7 = -p + 5*y. Suppose p*r + 1036 = 6*r. Is r a prime number?
False
Let y be 32/6 - 1/3. Suppose -1801 = -y*a + 2174. Suppose -5*t - 5*d = -a, 5*d + 346 = 2*t - 0*t. Is t a composite number?
False
Is (5/10)/(3 - 366845/122282) a composite number?
False
Let i(y) = 2*y**3 - 16*y**2 + 32*y - 7. Let o(b) = -b**3 + 8*b**2 - 16*b + 3. Let t(m) = -3*i(m) - 5*o(m). Suppose -69*l = -71*l - 14. Is t(l) composite?
False
Let n(b) be the third derivative of 7*b**5/60 + 7*b**4/24 - 17*b**3/6 + 5*b**2. Is n(-12) prime?
True
Suppose 8277 - 2338 = p. Is p prime?
True
Let c(w) = 728*w**2 - 2*w + 1. Is c(-2) a prime number?
True
Let r(s) = -10*s - 28. Let k be r(0). Let h be 1 + -1 + 1 - -1. Is 3/h*k/(-3) prime?
False
Let k = 2761 - -5339. Suppose 7*o = k - 1121. Is o prime?
True
Let c be (-9)/(36/(-16)) + 437. Suppose -4*t = -4*b - 1768, t + 2*b + c = 2*t. Is t composite?
False
Let g = 8 - -23. Let w(n) = n + 86*n + g*n - 1. Is w(9) a composite number?
False
Let i(t) = t**2 - 7*t - 37. Is i(35) a prime number?
False
Let g(b) = b**3 - 10*b**2 + 9*b + 2. Let k be g(9). Let a be -1 + (0 - k) + 8. Let n(l) = 2*l**3 - 2*l**2 + 2*l + 1. Is n(a) composite?
False
Suppose -3*f + 2*d - 577 = 0, -5*f - 961 = -d - 2*d. Is f/((-3)/(3/1)) a composite number?
False
Let i = -2298 + 3615. Is i composite?
True
Let s(i) = 392*i + 3. Is s(7) composite?
True
Let k(i) = -i + 9. Let a be k(-12). Let x = a + 69. Let z = 289 + x. Is z a prime number?
True
Let n be 10*(12/8 + -1). Suppose 15 = 3*u - 5*d, 5*d = -n*u + 4*d + 53. Is u/(-15)*1086/(-4) a composite number?
False
Suppose 4*j = -2*l + 2*j + 174, -2*l + 3*j = -184. Let r = 237 + l. Is r a composite number?
True
Let z = 3352 - 1681. Is z a prime number?
False
Let l = 14571 + 3256. Is l composite?
False
Suppose 141 = 4*x - h, 6 = 5*h + 31. Suppose -5*c + x = 14. Suppose -c*n - 150 = -4*l - 2*n, 5*l - 188 = 3*n. Is l composite?
False
Suppose 7*j + 1892 = 305629. Is j a prime number?
True
Let f be 4/(0 - (-1)/4). Suppose -1495 = -17*v + f*v. Suppose 6*l - l = v. Is l a composite number?
True
Let g = 15 + -19. Let w be 13356/15 - g/(-10). Is 28/42 + w/6 a composite number?
False
Let b(r) = -4*r - 2. Let y be b(-1). Suppose 2*v + y*v - 4276 = 0. Is v composite?
False
Let n = -297 - 400. Let m = 1196 + n. Is m prime?
True
Let s be (3324/(-15))/(8/(-20)). Is (s/6)/1*3 composite?
False
Is (-1196)/6*6/(-4) composite?
True
Let k(h) = 10*h**2 - 3*h. Let i(r) = r**3 - 9. Let v be i(0). Let c be k(v). Su